common divisor of 100 and b?
10
Suppose 4 = 4*i + 64. Let w = i + 23. Suppose -20 = -4*h - 0*h, -h = -5*d + 35. Calculate the greatest common factor of w and d.
8
Let y be ((-33)/22)/(2/(-12)). What is the highest common factor of y and 171?
9
Suppose 2*m = -4*m + 48. Calculate the greatest common divisor of 2 and m.
2
Suppose -6 = 3*k - 63. Suppose 3*b = 2*f - 32 - 15, -2*b + 51 = 3*f. What is the highest common divisor of f and k?
19
Suppose -3*m + 66 = 3*m. Suppose -2*w - w = -231. Calculate the highest common divisor of w and m.
11
Let x be -1*(-9 + 4) + 0. Calculate the highest common factor of x and 1.
1
Let r(a) = -8*a**2 + 5*a - 8. Let n(s) = -s**2 - 1. Let u(p) = 6*n(p) - r(p). Let j be u(-4). Calculate the highest common divisor of 18 and j.
18
Let q = 1 - -1. Suppose q*i = 11 + 41. Calculate the highest common factor of 13 and i.
13
Let i = 24 - -81. Suppose -3*v - 1 = 5*r, r - 3*v - 9 = v. Let u be 43 + -4 + 2 + r. What is the highest common factor of u and i?
21
Suppose -2*v + 97 = -83. Let m(j) = -j**3 - 3*j**2 - 4*j + 1. Let s be m(-3). Let p = -4 + s. Calculate the highest common divisor of p and v.
9
Suppose 1 = 4*t - 19. Suppose 2*c = t*c + 276. Let h be (-1)/(-2) + c/(-8). What is the highest common factor of h and 12?
12
Let u be ((-33)/9)/(2/(-222)). Calculate the highest common divisor of 37 and u.
37
Suppose 4*c - 8 = 0, 2*d + 4*c = 5 + 33. What is the highest common divisor of 3 and d?
3
Let u = 597 - -352. Suppose b - 193 = n, 4*n + u = 5*b + 3*n. Let g = b + -135. What is the highest common divisor of g and 6?
6
Let s = -160 + 97. Suppose 2*b - 4*o - 302 = 0, 2*b - 2*o - 8 = 296. Let l = s + b. Calculate the highest common factor of l and 36.
18
Suppose 0 = -4*n - 20, -15 = 9*i - 4*i + 4*n. What is the highest common divisor of 8 and i?
1
Let z be 12/(-28) - 119/(-49). What is the greatest common divisor of 8 and z?
2
Let d = 6 - 7. Let f be (-15)/(-10)*(-2)/d. Suppose f*i + t - 77 = 30, -74 = -2*i - 2*t. Calculate the highest common factor of i and 5.
5
Let f(b) = -b - 1. Let x be f(-4). Let k(r) = r**2 - 2*r + 3. Let c be k(4). Suppose 2*v - 35 + c = 0. What is the greatest common divisor of v and x?
3
Let i(v) = 15*v**2 - 67 + 67. Let s be i(-1). What is the highest common factor of 75 and s?
15
Let f = 6 + 124. What is the highest common factor of f and 52?
26
Let i(x) = -x - 8. Let q be i(-5). Let g be -3 + 18 - (q + 0). Calculate the highest common factor of 18 and g.
18
Let j be (-6)/(-10) - (-741)/15. What is the highest common divisor of 25 and j?
25
Suppose 24 - 4 = u. Suppose -5*m = 3*h - 10*m - 250, -h = 3*m - 74. Calculate the highest common divisor of h and u.
20
Let c = -30 - -34. Suppose 20 + c = 4*v. Calculate the greatest common divisor of 54 and v.
6
Let a(q) = -q**2 - 21*q - 29. Let c be a(-19). Calculate the greatest common factor of 63 and c.
9
Let x(r) = 3*r**3 - 5*r**2 - 4*r. Let t be x(6). Suppose -3*o + 3*z = -t, -6*z + 700 = 5*o - 3*z. Calculate the greatest common factor of o and 13.
13
Suppose 2*a = 5*m - 15, 0 = -0*m - m - 5*a - 24. Let t(k) = 17*k**2 + k - 1. Let j be t(m). Calculate the greatest common factor of 187 and j.
17
Let a = 18 - 3. Let v(j) = -j**3 + 4*j**2 + j - 3. Let s be v(4). Suppose -4*i + 179 = -s. Calculate the greatest common factor of i and a.
15
Let t be ((-436)/(-6))/(6/9). Let g be 5/(-15) + t/3. Let j be (9/(-4))/((-12)/64). What is the highest common factor of j and g?
12
Suppose -3*d - 2*l = -53 + 12, d = -5*l + 31. Let k = d - 6. What is the highest common factor of k and 5?
5
Suppose 2 = d - 0. Suppose 4*i - 22 = d*i. Let j = -28 + 72. Calculate the highest common divisor of i and j.
11
Let w(o) be the first derivative of -o**4/4 - o**3/3 + 2*o - 1. Let i be w(0). Calculate the greatest common factor of 10 and i.
2
Let u be (-330)/(-15)*6/4. Calculate the greatest common factor of u and 132.
33
Let h(u) = 2*u + 7. Let b be h(5). Let v = b - 6. Calculate the highest common divisor of v and 33.
11
Let n(i) = -13*i - 37. Let z be n(-9). Calculate the greatest common divisor of 5 and z.
5
Let v(n) = 2*n**2 + 16*n + 9. Let d be v(-11). Let c(a) = a**3 + 7*a**2 + 7*a - 5. Let g be c(-4). Calculate the highest common divisor of g and d.
15
Suppose 33 = 4*u - 19. What is the highest common divisor of u and 13?
13
Suppose -6*t = -2*t - 12. Calculate the greatest common divisor of 24 and t.
3
Let s(t) = 3*t**2 - 5*t - 6. Suppose 2*f + o - 6*o = -13, -49 = -4*f - 5*o. Let y be s(f). What is the highest common divisor of y and 12?
12
Let l(m) = -m**3 + 15. Let x be l(0). Calculate the greatest common divisor of x and 6.
3
Let w be ((-12)/20)/(1/(-5)). Suppose n - 24 = -w*n. Suppose -k + 28 = 3*l - 171, 0 = -2*l + 2*k + 130. Calculate the greatest common factor of n and l.
6
Suppose 9 + 63 = 3*b. Suppose b = 2*l + l. Calculate the greatest common divisor of 32 and l.
8
Let p be (3 - 1) + (7 - 2). Suppose -10*c - 5 = -11*c, 0 = 2*b + 3*c - 169. What is the highest common divisor of b and p?
7
Let w = 122 + -59. Suppose 0 = -8*m + 3*m + 90. Let r(f) = f**2 - 18*f + 9. Let q be r(m). What is the highest common divisor of w and q?
9
Suppose -v - 5 + 23 = l, -4*l - 117 = -5*v. Calculate the greatest common factor of 21 and v.
21
Let g be (56/(-12))/(1/(-12)). What is the greatest common factor of g and 14?
14
Let n = 5 + 0. Suppose 2*u = -u, n*u = p - 17. What is the greatest common factor of 17 and p?
17
Suppose 3*d - 11 = 4. Suppose 3*a - 63 = -d*u, -5*a = -u - 74 - 31. Let i = -4 + a. What is the highest common factor of i and 17?
17
Suppose -3*c = -c - 3*o - 56, 0 = -c - 5*o + 15. Calculate the greatest common factor of c and 10.
5
Let y = -5 + 10. Let a be (-1)/(3/9*-1). Suppose -y*d + 79 = a*b, -b - 3*b = -3*d + 30. What is the highest common divisor of d and 2?
2
Let a(h) = 12*h**2 - 5 + 11*h - h**3 - 3*h**2 + 2*h**3 - 5*h. Let k be a(-8). Calculate the greatest common divisor of 33 and k.
11
Suppose 4*k + 2 = 2*t, -3*k - k - 2*t + 18 = 0. Suppose k + 4 = r. What is the greatest common factor of 6 and r?
6
Suppose 5*d = u + 57, 3*d + 6 = -2*u + 35. Let o = 20 - d. Calculate the greatest common factor of o and 45.
9
Suppose -4*t + 62 = -566. Suppose y = 3*y + o - t, -5*o = 15. Calculate the greatest common divisor of y and 20.
20
Let l(f) = 127*f - 17. Let o be l(1). Suppose -2*r = -3*x + 26, 4*x + r - 19 = 23. Calculate the highest common divisor of o and x.
10
Let p(m) be the second derivative of m**5/20 - m**4/2 + m**3/2 - 4*m. Let l be p(6). Calculate the greatest common factor of l and 27.
9
Suppose -4 + 16 = -2*i. Let d be 8 - 4*(-3)/i. Suppose 4*s - 5*r = 58, d = -3*r - 0*r. Calculate the highest common divisor of 3 and s.
3
Suppose 0*w = 5*w. Suppose w = -4*g + 23 + 57. Let b be (3/(-2))/((-9)/60). Calculate the highest common factor of g and b.
10
Suppose -a = -3*a. Suppose -f + 187 - 44 = a. What is the greatest common divisor of 13 and f?
13
Suppose 0*n + 540 = 4*n. Let c = 77 - 32. Let k = c - 30. Calculate the highest common divisor of n and k.
15
Let h(b) = -2*b + 28. Let d be h(12). Calculate the greatest common factor of d and 4.
4
Suppose 3*a = 41 - 23. Calculate the greatest common divisor of 12 and a.
6
Let n be (1 - 0)*(6 + -3). Suppose n*l = 22 + 5. Calculate the greatest common factor of 9 and l.
9
Let l be ((-36)/6 - 0) + 5 - -4. Let x be 11/(1*(-2)/(-6)). What is the highest common factor of l and x?
3
Suppose -96 = 4*v - 492. Let k = 65 + -54. Calculate the greatest common factor of k and v.
11
Let f = -13 + 35. Suppose 0 = x - 11 - f. Let k be 5 - (1 + 1 + 0). What is the greatest common factor of x and k?
3
Suppose -62 - 40 = n. Let o = n - -198. What is the highest common factor of 12 and o?
12
Let y be 4/(-2) - (-150)/6. Suppose 0 = 4*r - 79 + y. What is the greatest common factor of r and 2?
2
Let k(f) = 8*f**2 + 1. Let j be k(1). Let s = -6 - -12. What is the greatest common factor of s and j?
3
Let x(h) = -2*h - 4*h**2 - 1 - 4 + 5*h**3 - 3 + 5. Let a be x(-3). Let y be (-4)/10 + a/(-20). What is the greatest common factor of y and 56?
8
Let u(x) = -x**3 + 7*x**2 - 3*x - 2. Let y be u(6). Let p be (1 + -4)/((-2)/(-10)). Let h = p + 19. Calculate the highest common factor of h and y.
4
Let q(t) = -3*t**2 + 7 + 6*t**2 - t**2 + 8*t - t**2